e -2*c = -h + 2*c + 12, -3*h + 18 = -3*c. What are the prime factors of h/6 - 4400/(-60)?
2, 37
Let u(q) = -7*q + 7*q**2 + q**2 - 2*q**2 + 9 + q**3. Suppose -7*d + 2*d = -s + 39, 5*d + 15 = -5*s. What are the prime factors of u(d)?
3
Suppose -g + 30 = 2*g. Suppose -5*u + 345 + g = 0. List the prime factors of u.
71
Suppose -m + 275 = -116. Let g = m + -182. List the prime factors of g.
11, 19
Let h be (-2)/(-8) + (-98)/8. Let v = 16 + h. Suppose 0 = v*i - a - 76, 5*i - 2*a - 38 = 3*i. List the prime factors of i.
19
Let z = 10 - 0. Let f = -1 + z. Suppose f = 2*v + 3. List the prime factors of v.
3
Let w(v) = -44*v - 38. What are the prime factors of w(-7)?
2, 3, 5
Let a(b) = 424*b - 425*b + 14 + 15. What are the prime factors of a(-22)?
3, 17
Let z(h) = -7*h - 11. Let c be z(-3). Suppose 2*w + c = 4*w, w + 343 = 3*r. What are the prime factors of r?
2, 29
Let c be ((-6)/(-4))/((-15)/(-20)). Suppose 0 = 3*x - 6 - 12. What are the prime factors of ((-8)/x)/(c/(-33))?
2, 11
Suppose 0 = -b - 10*b + 5929. List the prime factors of b.
7, 11
Let r be (4/(-6))/(3/(-9)). Suppose 0 = -3*k + 3*c + 378, r*c - 512 = -3*k - 144. What are the prime factors of k?
2, 31
Suppose -4*q = -0*q - 88. Suppose q = 2*t - 2. List the prime factors of t.
2, 3
Let s(y) = 16*y + 10. Let k = 70 + -62. What are the prime factors of s(k)?
2, 3, 23
Suppose -2*j - 3*x = -1488, -4*j - 703 + 3701 = -5*x. List the prime factors of j.
3, 83
Suppose o = -5*k + 19 + 37, o = -2*k + 41. Suppose -n - 4*u - 24 = 0, -5*n + u - 101 = 2*u. Let l = o + n. What are the prime factors of l?
11
Suppose 2*a - 3*x + 8*x = -202, 3*x = a + 79. Let u = -390 - -550. Let k = u + a. List the prime factors of k.
3, 23
Suppose 22096 = -154*n + 158*n. What are the prime factors of n?
2, 1381
Let s(l) = l**2 - 4*l + 1. Let u be ((-63)/18)/((-1)/2). Let h be s(u). What are the prime factors of (h/8)/(7/28)?
11
Suppose w + 14 = 5*r - 1, -5*w = -3*r + 9. Suppose 55 = 5*d - h, w = -2*d + 5*d - 4*h - 33. Let k(p) = 3*p - 18. What are the prime factors of k(d)?
3, 5
Let m be (3 - 2) + (5 - (-30)/(-6)). List the prime factors of 3/(-2)*((-435)/9 + m).
71
Suppose 17*q - 10*q = 5215. What are the prime factors of q?
5, 149
Let o = 46 + -4. Let v = -23 - -8. Let p = v + o. List the prime factors of p.
3
Let l = -584 + 1043. What are the prime factors of (1 + (-8)/6)/((-3)/l)?
3, 17
Suppose 0 = -42*d + 49*d - 11487. What are the prime factors of d?
3, 547
Let l = -141 + 913. List the prime factors of l.
2, 193
Let h(j) = 28*j**2 - 22*j - 41. List the prime factors of h(-2).
5, 23
Let i(n) = -5*n**2 + 1. Let k(c) = -9*c**2 - c + 2. Let z(p) = 5*i(p) - 3*k(p). Let a be z(4). List the prime factors of 1 + (-1 - 0) + a.
43
Suppose b = 0, 6*r + 3*b = 5*r + 1842. List the prime factors of r.
2, 3, 307
Suppose 4*j + 0*j + 116 = 0. Let g = 94 - j. List the prime factors of g.
3, 41
Let y(o) = -63*o + 495. List the prime factors of y(-19).
2, 3, 47
Suppose z + 190 = n - 321, 0 = -3*n + 5*z + 1523. What are the prime factors of n?
2, 3, 43
Suppose 0 = a - 332 - 1709. List the prime factors of a.
13, 157
Suppose -5*q = -3*q - 12. Suppose 0 = q*i - 164 - 214. List the prime factors of i.
3, 7
Let i(l) = l**2 - 11*l - 1. Suppose -2*w + h = -13, -3*w + 0*h - h = -17. Suppose -85 = -4*k - k - 4*v, 4*v + w = 2*k. List the prime factors of i(k).
5
Suppose 2*o - 1006 = t + t, -1002 = -2*o + t. What are the prime factors of o?
499
Let c be (-45)/(15/3) + -1. List the prime factors of ((-304)/c)/(8/60).
2, 3, 19
Let n = 0 - -2. Let m be (0 - (-4)/(-4))*-2. Suppose -v - 3*x - n*x = -19, m*x = 0. What are the prime factors of v?
19
Let r = -11 + 13. Let z be 1729/35 + r/(-5). Let d = z - -7. List the prime factors of d.
2, 7
Let i(f) = 4*f**3 - f**2 - 3*f + 5. What are the prime factors of i(4)?
233
Let z = -112 + 116. Suppose 0 = -z*j - 7*b + 6*b + 152, 2*j + 5*b = 76. What are the prime factors of j?
2, 19
Let n(l) = -2*l**3 - 19*l**2 - 15*l + 3. What are the prime factors of n(-9)?
3, 19
Let l(q) = 603*q**2 - 6*q + 39. List the prime factors of l(3).
2, 3, 227
Let b(q) = -2*q - 12. Let t be b(-10). Suppose -18 + t = -5*i. What are the prime factors of i?
2
Suppose -3*d + 3 + 3 = 0, -4*x - d + 18 = 0. Suppose -3*r - x*h = -193 - 77, -4*h = -5*r + 450. What are the prime factors of r?
2, 3, 5
Suppose -3994 = -7*w + 6443. What are the prime factors of w?
3, 7, 71
Suppose 0 = n + 1 - 3. Suppose -173 = -3*f - d, -4*f = f + n*d - 290. What are the prime factors of f?
2, 7
Suppose 39 = 4*k - 9*t + 4*t, -2*t - 18 = -2*k. Suppose 3*q - k = 6, a - 5*q + 2 = 0. What are the prime factors of a?
2, 3
Let g(k) = -5*k**3 + 6*k**2 + 5*k - 7. Let f(p) = -6*p**3 + 6*p**2 + 5*p - 7. Let o(j) = 6*f(j) - 7*g(j). Suppose 20 = -5*h + h. List the prime factors of o(h).
7
Let c = 447 - 74. Let f = c - 221. What are the prime factors of f?
2, 19
Let a = -1196 - -1790. What are the prime factors of a?
2, 3, 11
Let w(v) = 2*v**2 - 3*v - 4. Suppose 12 = -3*o + 6. Let d be w(o). Let j = d - -13. List the prime factors of j.
23
Suppose 5*f - 240 = -f. Let x = 45 + f. List the prime factors of x.
5, 17
Suppose 27 + 25 = 13*c. Suppose -3*p - 83 = -8*p + n, -c*p + 4*n + 60 = 0. List the prime factors of p.
17
Suppose 3*c = 0, 5*c = -4*f - 0*f - 36. What are the prime factors of (f/(-5 + 8))/(6/(-244))?
2, 61
Suppose 32*t - 29*t - 462 = 0. What are the prime factors of t?
2, 7, 11
Let p = 76 + -71. Let h be (-5 - (-2 - -1))/1. List the prime factors of (-10)/h*(9 + p).
5, 7
Let k(i) = -i**2 - i + 6. Let d be k(0). Suppose 3*s + 48 = 84. Suppose -7*g = -d*g - s. What are the prime factors of g?
2, 3
Let x(s) = -s**3 - 12*s**2 - 9*s - 8. Let m be x(-11). Suppose 0*a = -5*a - 40. What are the prime factors of (m/a)/(3/24)?
2, 3, 5
What are the prime factors of (-27974)/(-22) + (-6)/77*7?
31, 41
Suppose -117*r + 105*r = -38100. List the prime factors of r.
5, 127
Let i be ((-8)/4)/(2/(-268)). Let z = i - 154. What are the prime factors of z?
2, 3, 19
Suppose -366*o = -358*o - 1648. List the prime factors of o.
2, 103
Let b(t) = -t**3 + 8*t**2 - 8*t + 4. Let o be b(7). Let j(q) = 4*q + 4. Let h be j(0). What are the prime factors of 66 + o + h - 2?
5, 13
Suppose 0*p = -2*p + 1078. Let h be p/3 + (-1)/(-3). What are the prime factors of h/27*(1 - -2)?
2, 5
Let y(l) = 72*l + 2. Let m = -22 + 23. List the prime factors of y(m).
2, 37
Let v be 2/(-15) - 244/(-30). Let u(i) = 3*i**2 + 2*i - 66. List the prime factors of u(v).
2, 71
Let l = -22 - -34. Suppose -l*h - 76 = -16*h. List the prime factors of h.
19
Let g(y) = -19*y + 1. List the prime factors of g(-2).
3, 13
Let j = 195 - -200. List the prime factors of j.
5, 79
Suppose 4*v = -3*y + 37, -3*v + 0*y + 27 = 2*y. What are the prime factors of 5166/49 - (-4)/v?
2, 53
Let q be -3 + 36/21*98/4. Suppose 85 = d - q. List the prime factors of d.
2, 31
Let o(b) = 5 + 1 - 7*b - 4*b**3 - 6*b**2 - 2 + 3*b**3. Let g be o(-6). Let v = 69 - g. List the prime factors of v.
23
Let g(f) = 3*f**3 + 21*f**2 - 21*f - 24. Let v(s) = -s**3 - s**2 - 1. Let b(y) = -g(y) - 2*v(y). What are the prime factors of b(-20)?
2, 3
Let k(v) = v + 5. Let w be k(-2). Suppose 0 = -2*u + 3 + w. Let m(z) = z**3 + 2*z**2 - 2*z + 1. List the prime factors of m(u).
2, 5
Let l = 10465 + -5419. What are the prime factors of l?
2, 3, 29
Let b = 57 + -46. Suppose -9*o = -b*o + 406. List the prime factors of o.
7, 29
Suppose i - 8 = 2*i + 2*b, -3*b - 9 = 3*i. Suppose -2 - i = -n. Suppose d - n*s - 65 + 20 = 0, 2*d = -3*s + 35. List the prime factors of d.
5
Let c(s) = 2*s + 12 + 14*s**2 + 12 + s**3 + 13*s. List the prime factors of c(-11).
2, 3, 37
Let o = -11 - -15. Suppose o = 7*s - 3*s. What are the prime factors of ((-2)/4)/(s/(-8))?
2
Let u be 2/(-2) - (-13 - -9). Suppose u*t = 31 + 20. What are the prime factors of (t/(-3))/(11/(-66))?
2, 17
Suppose 2*w = 5*y - 7207, -55*y + 52*y = -3*w - 4317. What are the prime factors of y?
3, 13, 37
Let y(t) = 4*t**2 - 5*t + 92. List the prime factors of y(-10).
2, 271
Let a = -479 + 802. List the prime factors of a.
17, 19
Suppose 0 = 2*z + 4*n + 6, 3*z + 2*n = 4*z - 9. Suppose -z*g + 8*g = 270. What are the prime factors of g?
2, 3
Suppose 480 = 3*w - 81. Suppose -u + 1 = 0, -2*v + w - 21 = 2*u. List the prime factors